{"id":9,"date":"2026-03-10T15:53:14","date_gmt":"2026-03-10T14:53:14","guid":{"rendered":"https:\/\/nhpconseil.com\/?page_id=9"},"modified":"2026-03-10T18:34:08","modified_gmt":"2026-03-10T17:34:08","slug":"contact","status":"publish","type":"page","link":"https:\/\/nhpconseil.com\/index.php\/contact\/","title":{"rendered":"Contact"},"content":{"rendered":"\n<p><strong><font dir=\"auto\" style=\"vertical-align: inherit;\"><font dir=\"auto\" style=\"vertical-align: inherit;\">Contactez NHP<\/font><\/font><\/strong> CONSEIL<\/p>\n\n\n\n<p>Vous avez un projet de formulation, besoin d\u2019un audit r\u00e9glementaire ou d\u2019un conseil qualit\u00e9\u202f? \u00c9changeons\u202f!<\/p>\n\n\n\n<p><strong>Coordonn\u00e9es<\/strong><\/p>\n\n\n\n<ul class=\"wp-block-list\">\n<li><strong>Email :<\/strong> <a>contact@nhpconseil.com<\/a><\/li>\n\n\n\n<li><strong>T\u00e9l\u00e9phone :<\/strong> 0681197852<\/li>\n<\/ul>\n\n\n\n<p><\/p>\n\n\n\n<p><strong>Suivez-nous<\/strong><\/p>\n\n\n\n<ul class=\"wp-block-list\">\n<li>LinkedIn : <a href=\"https:\/\/www.linkedin.com\/in\/olivia-legallant-40616027\/\">lien vers la page<\/a><\/li>\n<\/ul>\n\n\n\n<p>N\u2019h\u00e9sitez pas \u00e0 proposer un cr\u00e9neau pour un \u00e9change t\u00e9l\u00e9phonique ou une visioconf\u00e9rence\u202f!<\/p>\n\n\n\n<p><\/p>\n","protected":false},"excerpt":{"rendered":"<p>Contactez NHP CONSEIL Vous avez un projet de formulation, besoin d\u2019un audit r\u00e9glementaire ou d\u2019un conseil qualit\u00e9\u202f? \u00c9changeons\u202f! Coordonn\u00e9es Suivez-nous N\u2019h\u00e9sitez pas \u00e0 proposer un cr\u00e9neau pour un \u00e9change t\u00e9l\u00e9phonique ou une visioconf\u00e9rence\u202f!<\/p>\n","protected":false},"author":1,"featured_media":0,"parent":0,"menu_order":0,"comment_status":"closed","ping_status":"closed","template":"","meta":{"saved_in_kubio":false,"footnotes":""},"class_list":["post-9","page","type-page","status-publish","hentry"],"kubio_ai_page_context":{"short_desc":"","purpose":"general"},"_links":{"self":[{"href":"https:\/\/nhpconseil.com\/index.php\/wp-json\/wp\/v2\/pages\/9","targetHints":{"allow":["GET"]}}],"collection":[{"href":"https:\/\/nhpconseil.com\/index.php\/wp-json\/wp\/v2\/pages"}],"about":[{"href":"https:\/\/nhpconseil.com\/index.php\/wp-json\/wp\/v2\/types\/page"}],"author":[{"embeddable":true,"href":"https:\/\/nhpconseil.com\/index.php\/wp-json\/wp\/v2\/users\/1"}],"replies":[{"embeddable":true,"href":"https:\/\/nhpconseil.com\/index.php\/wp-json\/wp\/v2\/comments?post=9"}],"version-history":[{"count":7,"href":"https:\/\/nhpconseil.com\/index.php\/wp-json\/wp\/v2\/pages\/9\/revisions"}],"predecessor-version":[{"id":240,"href":"https:\/\/nhpconseil.com\/index.php\/wp-json\/wp\/v2\/pages\/9\/revisions\/240"}],"wp:attachment":[{"href":"https:\/\/nhpconseil.com\/index.php\/wp-json\/wp\/v2\/media?parent=9"}],"curies":[{"name":"wp","href":"https:\/\/api.w.org\/{rel}","templated":true}]}}